{"id":1475,"date":"2016-01-19T09:23:38","date_gmt":"2016-01-19T08:23:38","guid":{"rendered":"http:\/\/www.atripaldasansabino.it\/?page_id=1475"},"modified":"2018-01-02T12:46:37","modified_gmt":"2018-01-02T11:46:37","slug":"adorazioni-eucaristiche","status":"publish","type":"page","link":"https:\/\/www.atripaldasansabino.it\/?page_id=1475","title":{"rendered":"Adorazioni Eucaristiche"},"content":{"rendered":"<p><a href=\"http:\/\/www.atripaldasansabino.it\/wp-content\/uploads\/2015\/11\/ostensorio.jpg\" rel=\"attachment wp-att-1231\"><img loading=\"lazy\" decoding=\"async\" width=\"300\" height=\"249\" class=\"alignleft wp-image-1231 size-medium\" src=\"http:\/\/www.atripaldasansabino.it\/wp-content\/uploads\/2015\/11\/ostensorio-300x249.jpg\" alt=\"ostensorio\" srcset=\"https:\/\/www.atripaldasansabino.it\/wp-content\/uploads\/2015\/11\/ostensorio-300x249.jpg 300w, https:\/\/www.atripaldasansabino.it\/wp-content\/uploads\/2015\/11\/ostensorio.jpg 415w\" sizes=\"auto, (max-width: 300px) 100vw, 300px\" \/><\/a><\/p>\n<h4 style=\"text-align: justify;\"><strong>L\u2019adorazione eucaristica \u00e8 necessaria per vivere<\/strong> a pieno l\u2019Eucarestia nella Messa perch\u00e9 stare in silenzio prolungato davanti al Signore presente nel suo Sacramento, \u00e8 una delle esperienze pi\u00f9 autentiche del nostro essere Chiesa, che si accompagna in modo complementare con quella di celebrare l\u2019Eucaristia, ascoltando la Parola di Dio, cantando, accostandosi insieme alla mensa del Pane di vita.<\/h4>\n<h4 style=\"text-align: justify;\">Comunione e contemplazione non si possono separare, <strong>si comunica davvero con Ges\u00f9 come si fa con un\u2019altra persona:<\/strong>\u00a0Devo conoscerla, saper stare in silenzio vicino a lei, ascoltarla, guardarla con amore. Il vero amore e la vera amicizia vivono sempre di questa reciprocit\u00e0 di sguardi, di silenzi intensi, eloquenti, pieni di rispetto e di venerazione, cos\u00ec che l\u2019incontro sia vissuto profondamente, in modo personale e non superficiale.<\/h4>\n<h4 style=\"text-align: justify;\">Quindi se manca questa dimensione che ritroviamo nell&#8217;adorazione Eucaristica, anche la stessa comunione sacramentale pu\u00f2 diventare, da parte nostra, un gesto superficiale. Invece, nella vera comunione, preparata dal colloquio della preghiera e della vita, noi possiamo dire al Signore parole di confidenza.\u00a0<em>Benedetto XVI<\/em><\/h4>\n<hr \/>\n\n<!-- Generated using Document Gallery. Get yours here: http:\/\/wordpress.org\/extend\/plugins\/document-gallery -->\n<div id=\"document-gallery-1\" class=\"document-gallery\" data-shortcode='{\"id\":1475,\"include\":\"1512,1513,1514,1515,1516,1517,1534,1619,1758,1773,1797,1935\",\"exclude\":\"\",\"attachment_pg\":false,\"columns\":6,\"descriptions\":false,\"fancy\":true,\"limit\":-1,\"mime_types\":\"application,video,text,audio,image\",\"new_window\":true,\"order\":\"DESC\",\"orderby\":\"name\",\"paginate\":true,\"post_status\":\"any\",\"post_type\":\"attachment\",\"relation\":\"AND\",\"skip\":0}' style='--dg-icon-width: 15%'>\n<div class='document-icon-row'>\n   <div class=\"document-icon\">\n      <a href=\"https:\/\/www.atripaldasansabino.it\/wp-content\/uploads\/2016\/01\/2016-07-20-Che-scoppi-la-pace.pdf\" target=\"_blank\">\n         <img decoding=\"async\" src=\"http:\/\/www.atripaldasansabino.it\/wp-content\/uploads\/2016\/01\/2016-07-20-Che-scoppi-la-pace-thumb.png\" title=\"2016-07-20-Che scoppi la pace\" alt=\"2016-07-20-Che scoppi la pace\" data-ext=\"pdf\"\/>\n         <span class=\"title\">2016-07-20-Che scoppi la pace<\/span>\n      <\/a>\n   <\/div>\n   <div class=\"document-icon\">\n      <a href=\"https:\/\/www.atripaldasansabino.it\/wp-content\/uploads\/2016\/01\/2016-06-02-Sacro-cuore-di-Ges\u00f9.pdf\" target=\"_blank\">\n         <img decoding=\"async\" src=\"http:\/\/www.atripaldasansabino.it\/wp-content\/uploads\/2016\/01\/2016-06-02-Sacro-cuore-di-Ges\u00f9-thumb.png\" title=\"2016-06-02-Sacro cuore di Ges\u00f9\" alt=\"2016-06-02-Sacro cuore di Ges\u00f9\" data-ext=\"pdf\"\/>\n         <span class=\"title\">2016-06-02-Sacro cuore di Ges\u00f9<\/span>\n      <\/a>\n   <\/div>\n   <div class=\"document-icon\">\n      <a href=\"https:\/\/www.atripaldasansabino.it\/wp-content\/uploads\/2016\/01\/2016-05-19-Tra-cielo-e-terra-veglia-san-pio.pdf\" target=\"_blank\">\n         <img decoding=\"async\" src=\"http:\/\/www.atripaldasansabino.it\/wp-content\/uploads\/2016\/01\/2016-05-19-Tra-cielo-e-terra-veglia-san-pio-thumb.png\" title=\"2016-05-19-Tra cielo e terra veglia san pio\" alt=\"2016-05-19-Tra cielo e terra veglia san pio\" data-ext=\"pdf\"\/>\n         <span class=\"title\">2016-05-19-Tra cielo e terra veglia san pio<\/span>\n      <\/a>\n   <\/div>\n   <div class=\"document-icon\">\n      <a href=\"https:\/\/www.atripaldasansabino.it\/wp-content\/uploads\/2016\/01\/2016-05-05-Il-mio-cuore-trionfer\u00e0.pdf\" target=\"_blank\">\n         <img decoding=\"async\" src=\"http:\/\/www.atripaldasansabino.it\/wp-content\/uploads\/2016\/01\/2016-05-05-Il-mio-cuore-trionfer\u00e0-thumb.png\" title=\"2016-05-05-Il mio cuore trionfer\u00e0\" alt=\"2016-05-05-Il mio cuore trionfer\u00e0\" data-ext=\"pdf\"\/>\n         <span class=\"title\">2016-05-05-Il mio cuore trionfer\u00e0<\/span>\n      <\/a>\n   <\/div>\n   <div class=\"document-icon\">\n      <a href=\"https:\/\/www.atripaldasansabino.it\/wp-content\/uploads\/2016\/01\/2016-03-03-Veglia-di-preghiera-per-la-famiglia-grazie-scusa-permesso.pdf\" target=\"_blank\">\n         <img decoding=\"async\" src=\"http:\/\/www.atripaldasansabino.it\/wp-content\/uploads\/2016\/01\/2016-03-03-Veglia-di-preghiera-per-la-famiglia-grazie-scusa-permesso-thumb.png\" title=\"2016-03-03-Veglia di preghiera per la famiglia grazie-scusa-permesso\" alt=\"2016-03-03-Veglia di preghiera per la famiglia grazie-scusa-permesso\" data-ext=\"pdf\"\/>\n         <span class=\"title\">2016-03-03-Veglia di preghiera per la famiglia grazie-scusa-permesso<\/span>\n      <\/a>\n   <\/div>\n   <div class=\"document-icon\">\n      <a href=\"https:\/\/www.atripaldasansabino.it\/wp-content\/uploads\/2016\/01\/2016-02-04-Il-buon-pastore.pdf\" target=\"_blank\">\n         <img decoding=\"async\" src=\"http:\/\/www.atripaldasansabino.it\/wp-content\/uploads\/2016\/01\/2016-02-04-Il-buon-pastore-thumb.png\" title=\"2016-02-04-Il buon pastore\" alt=\"2016-02-04-Il buon pastore\" data-ext=\"pdf\"\/>\n         <span class=\"title\">2016-02-04-Il buon pastore<\/span>\n      <\/a>\n   <\/div>\n\n<\/div>\n<div class='document-icon-row'>\n   <div class=\"document-icon\">\n      <a href=\"https:\/\/www.atripaldasansabino.it\/wp-content\/uploads\/2016\/01\/2016-01-08-Il-profilo-del-consacrato.pdf\" target=\"_blank\">\n         <img decoding=\"async\" src=\"http:\/\/www.atripaldasansabino.it\/wp-content\/uploads\/2016\/01\/2016-01-08-Il-profilo-del-consacrato-thumb.png\" title=\"2016-01-08-Il profilo del consacrato\" alt=\"2016-01-08-Il profilo del consacrato\" data-ext=\"pdf\"\/>\n         <span class=\"title\">2016-01-08-Il profilo del consacrato<\/span>\n      <\/a>\n   <\/div>\n   <div class=\"document-icon\">\n      <a href=\"https:\/\/www.atripaldasansabino.it\/wp-content\/uploads\/2016\/01\/2015-06-22-Bello-per-noi-\u00e8-essere-qui.pdf\" target=\"_blank\">\n         <img decoding=\"async\" src=\"http:\/\/www.atripaldasansabino.it\/wp-content\/uploads\/2016\/01\/2015-06-22-Bello-per-noi-\u00e8-essere-qui-thumb.png\" title=\"2015-06-22-Bello per noi \u00e8 essere qui\" alt=\"2015-06-22-Bello per noi \u00e8 essere qui\" data-ext=\"pdf\"\/>\n         <span class=\"title\">2015-06-22-Bello per noi \u00e8 essere qui<\/span>\n      <\/a>\n   <\/div>\n   <div class=\"document-icon\">\n      <a href=\"https:\/\/www.atripaldasansabino.it\/wp-content\/uploads\/2016\/01\/2015-06-04-Io-scelgo-noi.pdf\" target=\"_blank\">\n         <img decoding=\"async\" src=\"http:\/\/www.atripaldasansabino.it\/wp-content\/uploads\/2016\/01\/2015-06-04-Io-scelgo-noi-thumb.png\" title=\"2015-06-04-Io scelgo noi\" alt=\"2015-06-04-Io scelgo noi\" data-ext=\"pdf\"\/>\n         <span class=\"title\">2015-06-04-Io scelgo noi<\/span>\n      <\/a>\n   <\/div>\n   <div class=\"document-icon\">\n      <a href=\"https:\/\/www.atripaldasansabino.it\/wp-content\/uploads\/2016\/01\/2015-02-28-Ges\u00f9-sei-un-grande.pdf\" target=\"_blank\">\n         <img decoding=\"async\" src=\"http:\/\/www.atripaldasansabino.it\/wp-content\/uploads\/2016\/01\/2015-02-28-Ges\u00f9-sei-un-grande-thumb.png\" title=\"2015-02-28-Ges\u00f9, sei un grande\" alt=\"2015-02-28-Ges\u00f9, sei un grande\" data-ext=\"pdf\"\/>\n         <span class=\"title\">2015-02-28-Ges\u00f9, sei un grande<\/span>\n      <\/a>\n   <\/div>\n   <div class=\"document-icon\">\n      <a href=\"https:\/\/www.atripaldasansabino.it\/wp-content\/uploads\/2016\/01\/2014-12-17-La-luce-splende-nelle-tenebre.pdf\" target=\"_blank\">\n         <img decoding=\"async\" src=\"http:\/\/www.atripaldasansabino.it\/wp-content\/uploads\/2016\/01\/2014-12-17-La-luce-splende-nelle-tenebre-thumb.png\" title=\"2014-12-17-La luce splende nelle tenebre\" alt=\"2014-12-17-La luce splende nelle tenebre\" data-ext=\"pdf\"\/>\n         <span class=\"title\">2014-12-17-La luce splende nelle tenebre<\/span>\n      <\/a>\n   <\/div>\n   <div class=\"document-icon\">\n      <a href=\"https:\/\/www.atripaldasansabino.it\/wp-content\/uploads\/2016\/01\/2014-07-31-Il-coraggio-di-servire.pdf\" target=\"_blank\">\n         <img decoding=\"async\" src=\"http:\/\/www.atripaldasansabino.it\/wp-content\/uploads\/2016\/01\/2014-07-31-Il-coraggio-di-servire-thumb.png\" title=\"2014-07-31-Il coraggio di servire\" alt=\"2014-07-31-Il coraggio di servire\" data-ext=\"pdf\"\/>\n         <span class=\"title\">2014-07-31-Il coraggio di servire<\/span>\n      <\/a>\n   <\/div>\n\n<\/div>\n<\/div>\n<h4><\/h4>\n","protected":false},"excerpt":{"rendered":"<p>L\u2019adorazione eucaristica \u00e8 necessaria per vivere a pieno l\u2019Eucarestia nella Messa perch\u00e9 stare in silenzio prolungato davanti al Signore presente nel suo Sacramento, \u00e8 una delle esperienze pi\u00f9 autentiche del [&hellip;]<\/p>\n","protected":false},"author":1,"featured_media":0,"parent":343,"menu_order":0,"comment_status":"closed","ping_status":"closed","template":"page-fullwidth.php","meta":{"footnotes":""},"class_list":["post-1475","page","type-page","status-publish","hentry"],"_links":{"self":[{"href":"https:\/\/www.atripaldasansabino.it\/index.php?rest_route=\/wp\/v2\/pages\/1475","targetHints":{"allow":["GET"]}}],"collection":[{"href":"https:\/\/www.atripaldasansabino.it\/index.php?rest_route=\/wp\/v2\/pages"}],"about":[{"href":"https:\/\/www.atripaldasansabino.it\/index.php?rest_route=\/wp\/v2\/types\/page"}],"author":[{"embeddable":true,"href":"https:\/\/www.atripaldasansabino.it\/index.php?rest_route=\/wp\/v2\/users\/1"}],"replies":[{"embeddable":true,"href":"https:\/\/www.atripaldasansabino.it\/index.php?rest_route=%2Fwp%2Fv2%2Fcomments&post=1475"}],"version-history":[{"count":34,"href":"https:\/\/www.atripaldasansabino.it\/index.php?rest_route=\/wp\/v2\/pages\/1475\/revisions"}],"predecessor-version":[{"id":3195,"href":"https:\/\/www.atripaldasansabino.it\/index.php?rest_route=\/wp\/v2\/pages\/1475\/revisions\/3195"}],"up":[{"embeddable":true,"href":"https:\/\/www.atripaldasansabino.it\/index.php?rest_route=\/wp\/v2\/pages\/343"}],"wp:attachment":[{"href":"https:\/\/www.atripaldasansabino.it\/index.php?rest_route=%2Fwp%2Fv2%2Fmedia&parent=1475"}],"curies":[{"name":"wp","href":"https:\/\/api.w.org\/{rel}","templated":true}]}}

<p><a href="http://www.atripaldasansabino.it/wp-content/uploads/2015/11/ostensorio.jpg" rel="attachment wp-att-1231"><img loading="lazy" decoding="async" width="300" height="249" class="alignleft wp-image-1231 size-medium" src="http://www.atripaldasansabino.it/wp-content/uploads/2015/11/ostensorio-300x249.jpg" alt="ostensorio" srcset="https://www.atripaldasansabino.it/wp-content/uploads/2015/11/ostensorio-300x249.jpg 300w, https://www.atripaldasansabino.it/wp-content/uploads/2015/11/ostensorio.jpg 415w" sizes="auto, (max-width: 300px) 100vw, 300px" /></a></p>
<h4 style="text-align: justify;"><strong>L’adorazione eucaristica è necessaria per vivere</strong> a pieno l’Eucarestia nella Messa perché stare in silenzio prolungato davanti al Signore presente nel suo Sacramento, è una delle esperienze più autentiche del nostro essere Chiesa, che si accompagna in modo complementare con quella di celebrare l’Eucaristia, ascoltando la Parola di Dio, cantando, accostandosi insieme alla mensa del Pane di vita.</h4>
<h4 style="text-align: justify;">Comunione e contemplazione non si possono separare, <strong>si comunica davvero con Gesù come si fa con un’altra persona:</strong> Devo conoscerla, saper stare in silenzio vicino a lei, ascoltarla, guardarla con amore. Il vero amore e la vera amicizia vivono sempre di questa reciprocità di sguardi, di silenzi intensi, eloquenti, pieni di rispetto e di venerazione, così che l’incontro sia vissuto profondamente, in modo personale e non superficiale.</h4>
<h4 style="text-align: justify;">Quindi se manca questa dimensione che ritroviamo nell&#8217;adorazione Eucaristica, anche la stessa comunione sacramentale può diventare, da parte nostra, un gesto superficiale. Invece, nella vera comunione, preparata dal colloquio della preghiera e della vita, noi possiamo dire al Signore parole di confidenza. <em>Benedetto XVI</em></h4>
<hr />

<!-- Generated using Document Gallery. Get yours here: http://wordpress.org/extend/plugins/document-gallery -->
<div id="document-gallery-1" class="document-gallery" data-shortcode='{"id":1475,"include":"1512,1513,1514,1515,1516,1517,1534,1619,1758,1773,1797,1935","exclude":"","attachment_pg":false,"columns":6,"descriptions":false,"fancy":true,"limit":-1,"mime_types":"application,video,text,audio,image","new_window":true,"order":"DESC","orderby":"name","paginate":true,"post_status":"any","post_type":"attachment","relation":"AND","skip":0}' style='--dg-icon-width: 15%'>
<div class='document-icon-row'>
   <div class="document-icon">
      <a href="https://www.atripaldasansabino.it/wp-content/uploads/2016/01/2016-07-20-Che-scoppi-la-pace.pdf" target="_blank">
         <img decoding="async" src="http://www.atripaldasansabino.it/wp-content/uploads/2016/01/2016-07-20-Che-scoppi-la-pace-thumb.png" title="2016-07-20-Che scoppi la pace" alt="2016-07-20-Che scoppi la pace" data-ext="pdf"/>
         <span class="title">2016-07-20-Che scoppi la pace</span>
      </a>
   </div>
   <div class="document-icon">
      <a href="https://www.atripaldasansabino.it/wp-content/uploads/2016/01/2016-06-02-Sacro-cuore-di-Gesù.pdf" target="_blank">
         <img decoding="async" src="http://www.atripaldasansabino.it/wp-content/uploads/2016/01/2016-06-02-Sacro-cuore-di-Gesù-thumb.png" title="2016-06-02-Sacro cuore di Gesù" alt="2016-06-02-Sacro cuore di Gesù" data-ext="pdf"/>
         <span class="title">2016-06-02-Sacro cuore di Gesù</span>
      </a>
   </div>
   <div class="document-icon">
      <a href="https://www.atripaldasansabino.it/wp-content/uploads/2016/01/2016-05-19-Tra-cielo-e-terra-veglia-san-pio.pdf" target="_blank">
         <img decoding="async" src="http://www.atripaldasansabino.it/wp-content/uploads/2016/01/2016-05-19-Tra-cielo-e-terra-veglia-san-pio-thumb.png" title="2016-05-19-Tra cielo e terra veglia san pio" alt="2016-05-19-Tra cielo e terra veglia san pio" data-ext="pdf"/>
         <span class="title">2016-05-19-Tra cielo e terra veglia san pio</span>
      </a>
   </div>
   <div class="document-icon">
      <a href="https://www.atripaldasansabino.it/wp-content/uploads/2016/01/2016-05-05-Il-mio-cuore-trionferà.pdf" target="_blank">
         <img decoding="async" src="http://www.atripaldasansabino.it/wp-content/uploads/2016/01/2016-05-05-Il-mio-cuore-trionferà-thumb.png" title="2016-05-05-Il mio cuore trionferà" alt="2016-05-05-Il mio cuore trionferà" data-ext="pdf"/>
         <span class="title">2016-05-05-Il mio cuore trionferà</span>
      </a>
   </div>
   <div class="document-icon">
      <a href="https://www.atripaldasansabino.it/wp-content/uploads/2016/01/2016-03-03-Veglia-di-preghiera-per-la-famiglia-grazie-scusa-permesso.pdf" target="_blank">
         <img decoding="async" src="http://www.atripaldasansabino.it/wp-content/uploads/2016/01/2016-03-03-Veglia-di-preghiera-per-la-famiglia-grazie-scusa-permesso-thumb.png" title="2016-03-03-Veglia di preghiera per la famiglia grazie-scusa-permesso" alt="2016-03-03-Veglia di preghiera per la famiglia grazie-scusa-permesso" data-ext="pdf"/>
         <span class="title">2016-03-03-Veglia di preghiera per la famiglia grazie-scusa-permesso</span>
      </a>
   </div>
   <div class="document-icon">
      <a href="https://www.atripaldasansabino.it/wp-content/uploads/2016/01/2016-02-04-Il-buon-pastore.pdf" target="_blank">
         <img decoding="async" src="http://www.atripaldasansabino.it/wp-content/uploads/2016/01/2016-02-04-Il-buon-pastore-thumb.png" title="2016-02-04-Il buon pastore" alt="2016-02-04-Il buon pastore" data-ext="pdf"/>
         <span class="title">2016-02-04-Il buon pastore</span>
      </a>
   </div>

</div>
<div class='document-icon-row'>
   <div class="document-icon">
      <a href="https://www.atripaldasansabino.it/wp-content/uploads/2016/01/2016-01-08-Il-profilo-del-consacrato.pdf" target="_blank">
         <img decoding="async" src="http://www.atripaldasansabino.it/wp-content/uploads/2016/01/2016-01-08-Il-profilo-del-consacrato-thumb.png" title="2016-01-08-Il profilo del consacrato" alt="2016-01-08-Il profilo del consacrato" data-ext="pdf"/>
         <span class="title">2016-01-08-Il profilo del consacrato</span>
      </a>
   </div>
   <div class="document-icon">
      <a href="https://www.atripaldasansabino.it/wp-content/uploads/2016/01/2015-06-22-Bello-per-noi-è-essere-qui.pdf" target="_blank">
         <img decoding="async" src="http://www.atripaldasansabino.it/wp-content/uploads/2016/01/2015-06-22-Bello-per-noi-è-essere-qui-thumb.png" title="2015-06-22-Bello per noi è essere qui" alt="2015-06-22-Bello per noi è essere qui" data-ext="pdf"/>
         <span class="title">2015-06-22-Bello per noi è essere qui</span>
      </a>
   </div>
   <div class="document-icon">
      <a href="https://www.atripaldasansabino.it/wp-content/uploads/2016/01/2015-06-04-Io-scelgo-noi.pdf" target="_blank">
         <img decoding="async" src="http://www.atripaldasansabino.it/wp-content/uploads/2016/01/2015-06-04-Io-scelgo-noi-thumb.png" title="2015-06-04-Io scelgo noi" alt="2015-06-04-Io scelgo noi" data-ext="pdf"/>
         <span class="title">2015-06-04-Io scelgo noi</span>
      </a>
   </div>
   <div class="document-icon">
      <a href="https://www.atripaldasansabino.it/wp-content/uploads/2016/01/2015-02-28-Gesù-sei-un-grande.pdf" target="_blank">
         <img decoding="async" src="http://www.atripaldasansabino.it/wp-content/uploads/2016/01/2015-02-28-Gesù-sei-un-grande-thumb.png" title="2015-02-28-Gesù, sei un grande" alt="2015-02-28-Gesù, sei un grande" data-ext="pdf"/>
         <span class="title">2015-02-28-Gesù, sei un grande</span>
      </a>
   </div>
   <div class="document-icon">
      <a href="https://www.atripaldasansabino.it/wp-content/uploads/2016/01/2014-12-17-La-luce-splende-nelle-tenebre.pdf" target="_blank">
         <img decoding="async" src="http://www.atripaldasansabino.it/wp-content/uploads/2016/01/2014-12-17-La-luce-splende-nelle-tenebre-thumb.png" title="2014-12-17-La luce splende nelle tenebre" alt="2014-12-17-La luce splende nelle tenebre" data-ext="pdf"/>
         <span class="title">2014-12-17-La luce splende nelle tenebre</span>
      </a>
   </div>
   <div class="document-icon">
      <a href="https://www.atripaldasansabino.it/wp-content/uploads/2016/01/2014-07-31-Il-coraggio-di-servire.pdf" target="_blank">
         <img decoding="async" src="http://www.atripaldasansabino.it/wp-content/uploads/2016/01/2014-07-31-Il-coraggio-di-servire-thumb.png" title="2014-07-31-Il coraggio di servire" alt="2014-07-31-Il coraggio di servire" data-ext="pdf"/>
         <span class="title">2014-07-31-Il coraggio di servire</span>
      </a>
   </div>

</div>
</div>
<h4></h4>

<p>L’adorazione eucaristica è necessaria per vivere a pieno l’Eucarestia nella Messa perché stare in silenzio prolungato davanti al Signore presente nel suo Sacramento, è una delle esperienze più autentiche del [&hellip;]</p>
