{"id":1854,"date":"2016-06-10T16:01:08","date_gmt":"2016-06-10T14:01:08","guid":{"rendered":"http:\/\/www.atripaldasansabino.it\/?page_id=1854"},"modified":"2016-06-21T11:58:54","modified_gmt":"2016-06-21T09:58:54","slug":"giovani-per-la-pace-missione-2223","status":"publish","type":"page","link":"https:\/\/www.atripaldasansabino.it\/?page_id=1854","title":{"rendered":"Giovani per la Pace &#8211; Missione 22\/23"},"content":{"rendered":"<h4><a href=\"http:\/\/www.atripaldasansabino.it\/wp-content\/uploads\/2015\/04\/locandina.jpg\" target=\"_blank\"><img loading=\"lazy\" decoding=\"async\" width=\"214\" height=\"300\" class=\"wp-image-1896 size-medium alignleft\" src=\"http:\/\/www.atripaldasansabino.it\/wp-content\/uploads\/2015\/04\/locandina-214x300.jpg\" alt=\"locandina\" srcset=\"https:\/\/www.atripaldasansabino.it\/wp-content\/uploads\/2015\/04\/locandina-214x300.jpg 214w, https:\/\/www.atripaldasansabino.it\/wp-content\/uploads\/2015\/04\/locandina.jpg 607w\" sizes=\"auto, (max-width: 214px) 100vw, 214px\" \/><\/a><\/h4>\n<h4 style=\"text-align: justify;\">La missione prende avvio dal desiderio, dei giovani delle parrocchie di S. Ippolisto M. e di S. M. del Carmine, di promuovere la Pace fuori dalle chiese, coinvolgendo sempre pi\u00f9 giovani della nostra citt\u00e0. Da qui si \u00e8 creato il gruppo informale \u201cGiovani per la Pace\u201d che ha gi\u00e0 organizzato diverse iniziative di confronto, dialogo e testimonianza. Con il sostegno di altre associazioni del territorio, si \u00e8 pensato di organizzare un evento pi\u00f9 articolato e coinvolgente al centro della citt\u00e0.<\/h4>\n<h4 style=\"text-align: justify;\"><img loading=\"lazy\" decoding=\"async\" width=\"150\" height=\"150\" class=\"size-thumbnail wp-image-1865 alignright\" src=\"http:\/\/www.atripaldasansabino.it\/wp-content\/uploads\/2016\/06\/maxresdefault-150x150.jpg\" alt=\"maxresdefault\" \/><strong>La serata del 22 luglio<\/strong> sar\u00e0 allietata dal concerto-testimonianza della cantante <strong><em>Debora Vezzani<\/em><\/strong>, che ha inserito Atripalda tra le tappe del suo <em>#comeunprodigiotour<\/em>.<\/h4>\n<h4 style=\"text-align: justify;\">Dalle ore <strong>18:00 del pomeriggio del 23<\/strong> luglio si proporr\u00e0 ai giovani un itinerario, personale e spirituale, sulla preziosit\u00e0 e bellezza della propria vita.<\/h4>\n<h4 style=\"text-align: justify;\">Si sta valutando di poter allestire tre gazebo tematici che offriranno la possibilit\u00e0 di svolgere laboratori pratici e creativi e un\u2019ulteriore tenda per l\u2019adorazione e la preghiera.<\/h4>\n<h4>Segui sui social l&#8217;evoluzione dell&#8217;evento&#8230;.<\/h4>\n<p><a href=\" https:\/\/www.facebook.com\/Giovani-per-la-pace-319551371710024\/\" target=\"_blank\"><img loading=\"lazy\" decoding=\"async\" width=\"150\" height=\"150\" class=\"alignleft wp-image-1892\" src=\"http:\/\/www.atripaldasansabino.it\/wp-content\/uploads\/2016\/06\/facebook-150x150.png\" alt=\"facebook\" \/><\/a><a href=\"https:\/\/www.instagram.com\/giovaniperlapace\/\" target=\"_blank\"><img loading=\"lazy\" decoding=\"async\" width=\"150\" height=\"150\" class=\"alignleft wp-image-1891\" src=\"http:\/\/www.atripaldasansabino.it\/wp-content\/uploads\/2016\/06\/instagram-150x150.png\" alt=\"instagram\" \/><\/a><\/p>\n","protected":false},"excerpt":{"rendered":"<p>La missione prende avvio dal desiderio, dei giovani delle parrocchie di S. Ippolisto M. e di S. M. del Carmine, di promuovere la Pace fuori dalle chiese, coinvolgendo sempre pi\u00f9 [&hellip;]<\/p>\n","protected":false},"author":1,"featured_media":0,"parent":0,"menu_order":0,"comment_status":"closed","ping_status":"closed","template":"","meta":{"footnotes":""},"class_list":["post-1854","page","type-page","status-publish","hentry"],"_links":{"self":[{"href":"https:\/\/www.atripaldasansabino.it\/index.php?rest_route=\/wp\/v2\/pages\/1854","targetHints":{"allow":["GET"]}}],"collection":[{"href":"https:\/\/www.atripaldasansabino.it\/index.php?rest_route=\/wp\/v2\/pages"}],"about":[{"href":"https:\/\/www.atripaldasansabino.it\/index.php?rest_route=\/wp\/v2\/types\/page"}],"author":[{"embeddable":true,"href":"https:\/\/www.atripaldasansabino.it\/index.php?rest_route=\/wp\/v2\/users\/1"}],"replies":[{"embeddable":true,"href":"https:\/\/www.atripaldasansabino.it\/index.php?rest_route=%2Fwp%2Fv2%2Fcomments&post=1854"}],"version-history":[{"count":14,"href":"https:\/\/www.atripaldasansabino.it\/index.php?rest_route=\/wp\/v2\/pages\/1854\/revisions"}],"predecessor-version":[{"id":1909,"href":"https:\/\/www.atripaldasansabino.it\/index.php?rest_route=\/wp\/v2\/pages\/1854\/revisions\/1909"}],"wp:attachment":[{"href":"https:\/\/www.atripaldasansabino.it\/index.php?rest_route=%2Fwp%2Fv2%2Fmedia&parent=1854"}],"curies":[{"name":"wp","href":"https:\/\/api.w.org\/{rel}","templated":true}]}}

<h4><a href="http://www.atripaldasansabino.it/wp-content/uploads/2015/04/locandina.jpg" target="_blank"><img loading="lazy" decoding="async" width="214" height="300" class="wp-image-1896 size-medium alignleft" src="http://www.atripaldasansabino.it/wp-content/uploads/2015/04/locandina-214x300.jpg" alt="locandina" srcset="https://www.atripaldasansabino.it/wp-content/uploads/2015/04/locandina-214x300.jpg 214w, https://www.atripaldasansabino.it/wp-content/uploads/2015/04/locandina.jpg 607w" sizes="auto, (max-width: 214px) 100vw, 214px" /></a></h4>
<h4 style="text-align: justify;">La missione prende avvio dal desiderio, dei giovani delle parrocchie di S. Ippolisto M. e di S. M. del Carmine, di promuovere la Pace fuori dalle chiese, coinvolgendo sempre più giovani della nostra città. Da qui si è creato il gruppo informale “Giovani per la Pace” che ha già organizzato diverse iniziative di confronto, dialogo e testimonianza. Con il sostegno di altre associazioni del territorio, si è pensato di organizzare un evento più articolato e coinvolgente al centro della città.</h4>
<h4 style="text-align: justify;"><img loading="lazy" decoding="async" width="150" height="150" class="size-thumbnail wp-image-1865 alignright" src="http://www.atripaldasansabino.it/wp-content/uploads/2016/06/maxresdefault-150x150.jpg" alt="maxresdefault" /><strong>La serata del 22 luglio</strong> sarà allietata dal concerto-testimonianza della cantante <strong><em>Debora Vezzani</em></strong>, che ha inserito Atripalda tra le tappe del suo <em>#comeunprodigiotour</em>.</h4>
<h4 style="text-align: justify;">Dalle ore <strong>18:00 del pomeriggio del 23</strong> luglio si proporrà ai giovani un itinerario, personale e spirituale, sulla preziosità e bellezza della propria vita.</h4>
<h4 style="text-align: justify;">Si sta valutando di poter allestire tre gazebo tematici che offriranno la possibilità di svolgere laboratori pratici e creativi e un’ulteriore tenda per l’adorazione e la preghiera.</h4>
<h4>Segui sui social l&#8217;evoluzione dell&#8217;evento&#8230;.</h4>
<p><a href=" https://www.facebook.com/Giovani-per-la-pace-319551371710024/" target="_blank"><img loading="lazy" decoding="async" width="150" height="150" class="alignleft wp-image-1892" src="http://www.atripaldasansabino.it/wp-content/uploads/2016/06/facebook-150x150.png" alt="facebook" /></a><a href="https://www.instagram.com/giovaniperlapace/" target="_blank"><img loading="lazy" decoding="async" width="150" height="150" class="alignleft wp-image-1891" src="http://www.atripaldasansabino.it/wp-content/uploads/2016/06/instagram-150x150.png" alt="instagram" /></a></p>

<p>La missione prende avvio dal desiderio, dei giovani delle parrocchie di S. Ippolisto M. e di S. M. del Carmine, di promuovere la Pace fuori dalle chiese, coinvolgendo sempre più [&hellip;]</p>
